3) to base 5
42432
What is 1304 (base 5) in base 15?
d9
Convert 213231 (base 4) to base 16.
9ed
Convert -25231 (base 6) to base 16.
-eb3
Convert 717 (base 8) to base 2.
111001111
Convert 10731 (base 8) to base 10.
4569
What is 20230 (base 4) in base 8?
1054
What is -3563 (base 7) in base 6?
-10035
Convert 4436 (base 9) to base 12.
1a89
Convert 198 (base 14) to base 13.
1c5
403 (base 16) to base 14
535
Convert 7a59 (base 11) to base 13.
4a89
Convert 5194 (base 14) to base 5.
422141
What is 1b10 (base 12) in base 15?
eb9
What is -52022 (base 6) in base 3?
-100111112
Convert 12200 (base 4) to base 15.
1cb
-952 (base 13) to base 11
-1214
What is 553 (base 11) in base 8?
1227
What is 603 (base 9) in base 2?
111101001
What is -a5 (base 12) in base 10?
-125
What is -9 (base 14) in base 15?
-9
-185 (base 9) to base 6
-422
What is 330 (base 5) in base 14?
66
44b3 (base 12) to base 13
3615
Convert -118174 (base 9) to base 13.
-2677c
What is -100000011 (base 2) in base 12?
-197
Convert 343511 (base 7) to base 14.
184b1
What is -1360 (base 8) in base 11?
-624
Convert 284 (base 9) to base 8.
356
What is 1937 (base 10) in base 16?
791
Convert 144 (base 15) to base 3.
101201
What is 440 (base 8) in base 16?
120
Convert 77c (base 15) to base 10.
1692
166 (base 14) to base 7
556
Convert 1431 (base 5) to base 10.
241
What is -21a80 (base 11) in base 10?
-31911
What is 36003 (base 9) in base 10?
24060
-12219 (base 10) to base 4
-2332323
What is -2232213 (base 4) in base 2?
-10101110100111
12311011 (base 4) to base 16
6d45
-942 (base 13) to base 14
-807
What is -223500 (base 6) in base 8?
-45034
What is 274 (base 10) in base 5?
2044
What is -2141 (base 8) in base 4?
-101201
What is -454 (base 7) in base 6?
-1031
Convert 100414 (base 5) to base 15.
e59
What is 103123 (base 6) in base 15?
27a0
Convert -21202022 (base 3) to base 11.
-4278
What is 11684 (base 11) in base 3?
212000212
Convert -2102111 (base 3) to base 8.
-3350
Convert -39146 (base 11) to base 15.
-11933
Convert -20213131 (base 4) to base 7.
-204616
-383 (base 11) to base 2
-111000110
What is -1100000101111 (base 2) in base 8?
-14057
What is 27a (base 11) in base 4?
11021
2398 (base 10) to base 14
c34
What is -4021 (base 5) in base 16?
-1ff
Convert -2106 (base 12) to base 14.
-1458
-296 (base 10) to base 3
-101222
What is 376d (base 16) in base 10?
14189
3363 (base 9) to base 16
9b7
What is -5bbf (base 16) in base 8?
-55677
-22 (base 4) to base 12
-a
-27528 (base 11) to base 12
-1a856
Convert 3c3 (base 16) to base 9.
1280
What is 60536 (base 9) in base 11?
279a6
What is -1026 (base 8) in base 15?
-259
Convert 211201 (base 3) to base 5.
4423
What is -199 (base 14) in base 6?
-1311
1001202 (base 3) to base 12
548
432153 (base 6) to base 8
105245
Convert 445 (base 13) to base 5.
10413
-355 (base 8) to base 9
-283
Convert 3a3 (base 11) to base 4.
13130
348 (base 13) to base 9
700
-1066 (base 7) to base 6
-1451
What is 4bd9 (base 14) in base 11?
a012
What is 212112 (base 3) in base 15?
2c5
Convert 13200 (base 4) to base 16.
1e0
1131323 (base 4) to base 12
358b
-110042 (base 8) to base 7
-212401
What is -11221 (base 4) in base 12?
-261
Convert -63661 (base 10) to base 16.
-f8ad
15274 (base 9) to base 10
10435
What is -10c9 (base 13) in base 3?
-10020111
Convert 56a (base 11) to base 12.
489
61388 (base 11) to base 2
10101111000100100
Convert -1332113 (base 4) to base 9.
-12075
Convert 25231 (base 6) to base 16.
eb3
What is -249 (base 11) in base 15?
-14a
Convert 160245 (base 7) to base 6.
401040
Convert -10442 (base 5) to base 3.
-1000200
Convert -6132 (base 10) to base 11.
-4675
What is 21a5 (base 12) in base 15?
1185
20040 (base 6) to base 8
5070
What is e6c (base 15) in base 4?
302310
What is -17373 (base 9) in base 10?
-11973
-792 (base 12) to base 10
-1118
123132 (base 4) to base 16
6de
-111010000110 (base 2) to base 12
-219a
Convert 447 (base 9) to base 3.
111121
Convert -1436 (base 7) to base 4.
-20312
Convert 4fe8 (base 16) to base 8.
47750
44 (base 14) to base 8
74
Convert 63434 (base 8) to base 7.
136646
Convert -1013 (base 4) to base 5.
-241
What is -54246 (base 8) in base 3?
-1011010112
What is -210350 (base 6) in base 11?
-11842
-1100000 (base 2) to base 7
-165
What is 2020 (base 3) in base 14?
44
1552 (base 11) to base 3
2201211
Convert -356 (base 8) to base 9.
-284
-670b (base 14) to base 8
-42667
Convert -265 (base 13) to base 15.
-1d1
What is -45153 (base 6) in base 16?
-18bd
What is -30c (base 13) in base 16?
-207
Convert 2aca (base 15) to base 9.
13541
What is 4359 (base 13) in base 2?
10010010011001
dd5 (base 14) to base 10
2735
2503 (base 9) to base 5
24431
11101 (base 4) to base 11
287
10b94 (base 12) to base 6
251504
Convert -3515 (base 7) to base 5.
-20121
Convert 13222223 (base 4) to base 10.
31403
c28c (base 13) to base 5
1324233
Convert -10111111 (base 2) to base 16.
-bf
-4652 (base 13) to base 14
-384d
Convert -b57 (base 12) to base 2.
-11001110011
What is 13210210 (base 4) in base 5?
1443022
61d (base 15) to base 12
96a
-11611 (base 10) to base 12
-6877
Convert -3ad (base 16) to base 10.
-941
-dce (base 16) to base 3
-11211220
What is -2301 (base 7) in base 10?
-834
Convert 12240 (base 5) to base 10.
945
78 (base 9) to base 13
56
Convert -33460 (base 9) to base 13.
-a185
Convert 1345 (base 13) to base 14.
1013
111112 (base 3) to base 16
16d
What is 30 (base 12) in base 15?
26
21111122 (base 3) to base 15
194b
What is -176 (base 8) in base 6?
-330
What is -2289 (base 10) in base 16?
-8f1
What is -4b1 (base 15) in base 2?
-10000101010
What is -413 (base 15) in base 8?
-1626
Convert 2509 (base 13) to base 8.
12200
-209 (base 11) to base 3
-100022
795 (base 12) to base 4
101201
1011010000001 (base 2) to base 5
141021
Convert 323211 (base 4) to base 8.
7345
Convert 19d8 (base 14) to base 12.
2876
570 (base 13) to base 8
1650
What is -1000011001010 (base 2) in base 6?
-31522
What is -5455 (base 7) in base 2?
-11110011111
-6ee (base 15) to base 5
-22244
Convert 22032 (base 5) to base 8.
2755
Convert -10100010101010 (base 2) to base 9.
-15246
What is 5077 (base 8) in base 5?
40443
d561 (base 14) to base 16
8f81
11100101 (base 2) to base 6
1021
What is 15a47 (base 12) in base 11?
21215
122112122 (base 3) to base 6
135112
6906 (base 12) to base 7
46011
Convert -1444 (base 5) to base 3.
-100020
Convert -2100210 (base 4) to base 9.
-13620
What is 14175 (base 9) in base 10?
9626
Convert 3702 (base 8) to base 10.
1986
Convert 6742 (base 9) to base 7.
20342
What is -15700 (base 16) in base 3?
-11110110011
Convert 915a (base 11) to base 4.
2332011
What is -3926a (base 11) in base 8?
-155634
What is 36303 (base 8) in base 11?
10761
Convert -210211210 (base 3) to base 4.
-3320310
Convert -a150 (base 12) to base 8.
-42114
What is 22021 (base 5) in base 7?
4256
-5422 (base 10) to base 12
-317a
Convert -1140040 (base 5) to base 13.
-98b2
Convert 253 (base 7) to base 5.
1021
What is -4139 (base 10) in base 11?
-3123
What is 1d7 (base 15) in base 11?
359
Convert 40 (base 9) to base 14.
28
What is -1446 (base 12) in base 10?
-2358
Convert 102222 (base 3) to base 2.
101000011
Convert 21203 (base 4) to base 8.
1143
What is 31513 (base 9) in base 2?
101000101011101
Convert 148 (base 12) to base 14.
104
Convert 2104003 (base 5) to base 14.
c9d4
-258 (base 11) to base 12
-215
6210 (base 7) to base 3
2222010
Convert 437 (base 12) to base 8.
1153
-12423 (base 10) to base 14
-4755
-6767 (base 11) to base 12
-51a2
309 (base 12) to base 15
1e6
-2a31 (base 15) to base 13
-416b
What is 362 (base 8) in base 9?
288
What is 12110210 (base 3) in base 4?
332112
-57507 (base 8) to base 5
-1240031
Convert 575 (base 16) to base 6.
10245
Convert -212333 (base 4) to base 3.
-10102102
-378 (base 11) to base 10
-448
Convert 1244002 (base 5) to base 12.
12491
What is 1278 (base 10) in base 14?
674
What is -47c6 (base 13) in base 14?
-399b
What is 13968 (base 12) in base 5?
1333141
Convert -336 (base 13) to base 15.
-26c
Convert 25 (base 6) to base 7.
23
What is -6bb (base 12) in base 6?
-4355
-320 (base 13) to base 7
-1361
6b00 (base 15) to base 3
1011011200
Convert -104533 (base 6) to base 12.
-5149
Convert 13132 (base 4) to base 12.
33a
-d6c (base 14) to base 10
-2644
What is 12535 (base 7) in base 4?
310132
Convert 14cc